{"id":19,"date":"2016-07-29T07:22:10","date_gmt":"2016-07-29T07:22:10","guid":{"rendered":"http:\/\/www.todoasesoria.es\/?page_id=19"},"modified":"2019-11-26T11:54:18","modified_gmt":"2019-11-26T11:54:18","slug":"quienes-somos","status":"publish","type":"page","link":"https:\/\/www.todoasesoria.es\/?page_id=19","title":{"rendered":"Qui\u00e9nes somos"},"content":{"rendered":"<p><strong>todoasesoria.es \/ alameda &amp; asociados<\/strong><\/p>\n<p>Es una firma de profesionales en el asesoramiento fiscal, laboral, contable, y otros de naturaleza econ\u00f3mica y jur\u00eddica, que le ofrecen un asesoramiento integral gracias a su especializaci\u00f3n en las diferentes \u00e1reas y aspectos que le afectan a Usted como empresa, sociedad, asociaci\u00f3n,\u2026 o particular.<\/p>\n<p>Nuestro principal activo es el reconocimiento de nuestra clientela. Gracias principalmente a nuestro trato personal diferenciado y particular a cada uno de nuestros clientes.<\/p>\n<p>Nuestros profesionales forman un equipo din\u00e1mico, que cuenta con licenciados y diplomados, asesores fiscales y expertos contables,\u2026 los cuales resolver\u00e1n todos sus problemas y cuestiones gracias a la visi\u00f3n global que tienen de las mismas.<\/p>\n<p>Un grupo con experiencia acumulada de m\u00e1s de 20 a\u00f1os.<\/p>\n<p>En todoasesoria.es buscamos el mejor camino para nuestra clientela. Un servicio integral, con respuestas y soluciones eficaces para las necesidades de nuestros clientes.<br \/>\nNuestro objetivo es ofrecerles a nuestros clientes un servicio de calidad con todo lo necesario para cumplir las obligaciones de su negocio con el mejor asesoramiento de la zona y con un precio ajustado con atenci\u00f3n personalizada.<\/p>\n<p>Nuestra tecnolog\u00eda e informaci\u00f3n permiten ofrecer a nuestros clientes un completo rendimiento de gesti\u00f3n para su negocio, para que estos meramente se preocupen de lo principal en sus empresas.<\/p>\n<p>Todoasesoria.es destaca frente a otras por ofrecer un buen asesoramiento especializado en la mayor\u00eda de ratios con unos trabajadores muy competitivos en todos los aspectos.<\/p>\n<p>Somos un equipo formado por profesionales de alto nivel. Cubriremos todos los aspectos que pueden afectar tanto directa como indirectamente a las empresas.<\/p>\n<p>Los servicios que ofrecemos est\u00e1n dirigidos a la peque\u00f1a y mediana empresa, empresarios, etc\u00e9tera.<\/p>\n<p>Todoasesoria.es da la m\u00e1xima prioridad a la gran confianza con el cliente, para as\u00ed que nuestros clientes se sientan con toda la seguridad y satisfacci\u00f3n con todos nuestros servicios.<\/p>\n<p>El \u00e9xito que tiene esta empresa es debido al compromiso de todo nuestro equipo y a la capacidad para encontrar distintas f\u00f3rmulas que permitan ofrecer al cliente la soluci\u00f3n que m\u00e1s encaja para sus necesidades. Damos un servicio muy especializado con la m\u00e1xima inmediatez de respuesta hacia todos los pedidos de nuestros clientes. La calidad de servicio no falta en nuestras gestiones.<\/p>\n<p>Intentaremos aportar el m\u00e1ximo compromiso y la m\u00e1xima trasparencia hacia todos los servicios ofrecidos sin ning\u00fan tipo de extra cargo.<\/p>\n<p>En todoasesoria.es tambi\u00e9n asesoramos el \u00e1mbito mercantil y contable, ya sea en proyectos meramente puntuales o en la rutina diaria de la empresa, con lo cual esta no tendr\u00e1 que preocuparse por nada.<\/p>\n<p>Hemos desarrollado nuestra actividad con responsabilidad en distintas facetas y empresas, lo que nos confiere un profundo conocimiento del \u00e1mbito empresarial y una gran experiencia en el asesoramiento tanto fiscal como mercantil.<\/p>\n<p>Creemos fuertemente en que para dar un excelente servicio es necesario la formaci\u00f3n continua, por lo que cada uno de nosotros nos seguimos formando para dar a nuestros clientes el mejor servicio y satisfacci\u00f3n.<\/p>\n<p>En los \u00e1mbitos mercantil y contable, asesoramos de forma innovadora, tanto en proyectos empresariales complejos como en el d\u00eda a d\u00eda de las empresas.<\/p>\n<p>Gracias a nuestros a\u00f1os de experiencia, ofrecemos toda posibilidad de analizar y proponer todo tipo de soluciones a los problemas que surjan por las acciones empresariales como: Nuestro asesoramiento parte de la fase inicial de la sociedad, con tareas diarias tales como contrataciones u operaciones capitales, etc.<\/p>\n<p>Todoasesoria.es presta asesoramiento legal y fiscal altamente especializado a personas tanto f\u00edsicas como jur\u00eddicas, las cuales comprenden la planificaci\u00f3n de sus inversiones financieras e inmobiliarias para su optimizaci\u00f3n fiscal, la asistencia de planificaci\u00f3n sobre la renta, impuestos como los de patrimonio, etc.<\/p>\n<p>En todoasesoria.es le ofrecemos la posibilidad de gestionar la contabilidad de su empresa y as\u00ed confeccionar sus declaraciones tributarias. Prestamos servicios de revisi\u00f3n de la contabilidad llevada por el departamento interno de la propia empresa.<\/p>\n<p>Disponemos de una extensa experiencia en el asesoramiento y planificaci\u00f3n relacionados a la empresa familiar, dado a nuestra cualificaci\u00f3n en el campo.<\/p>\n<p>&nbsp;<\/p>\n<p>Sea bienvenido\/a a nuestra p\u00e1gina web.<\/p>\n","protected":false},"excerpt":{"rendered":"<p>todoasesoria.es \/ alameda &amp; asociados Es una firma de profesionales en el asesoramiento fiscal, laboral, contable, y otros de naturaleza econ\u00f3mica y jur\u00eddica, que le ofrecen un asesoramiento integral gracias a su especializaci\u00f3n en las diferentes \u00e1reas y aspectos que le afectan a Usted como empresa, sociedad, asociaci\u00f3n,\u2026 o particular. Nuestro principal activo es el <a href=\"https:\/\/www.todoasesoria.es\/?page_id=19\" rel=\"nofollow\"><span class=\"sr-only\">Leer m\u00e1sQui\u00e9nes somos<\/span>[&hellip;]<\/a><\/p>\n","protected":false},"author":1,"featured_media":0,"parent":0,"menu_order":0,"comment_status":"closed","ping_status":"closed","template":"","meta":{"ngg_post_thumbnail":0},"yoast_head":"<!-- This site is optimized with the Yoast SEO plugin v16.1.1 - https:\/\/yoast.com\/wordpress\/plugins\/seo\/ -->\n<title>Qui\u00e9nes somos - todoasesoria<\/title>\n<link rel=\"canonical\" href=\"https:\/\/www.todoasesoria.es\/?page_id=19\" \/>\n<meta property=\"og:locale\" content=\"es_ES\" \/>\n<meta property=\"og:type\" content=\"article\" \/>\n<meta property=\"og:title\" content=\"Qui\u00e9nes somos - todoasesoria\" \/>\n<meta property=\"og:description\" content=\"todoasesoria.es \/ alameda &amp; asociados Es una firma de profesionales en el asesoramiento fiscal, laboral, contable, y otros de naturaleza econ\u00f3mica y jur\u00eddica, que le ofrecen un asesoramiento integral gracias a su especializaci\u00f3n en las diferentes \u00e1reas y aspectos que le afectan a Usted como empresa, sociedad, asociaci\u00f3n,\u2026 o particular. Nuestro principal activo es el Leer m\u00e1sQui\u00e9nes somos[&hellip;]\" \/>\n<meta property=\"og:url\" content=\"https:\/\/www.todoasesoria.es\/?page_id=19\" \/>\n<meta property=\"og:site_name\" content=\"todoasesoria\" \/>\n<meta property=\"article:modified_time\" content=\"2019-11-26T11:54:18+00:00\" \/>\n<meta name=\"twitter:card\" content=\"summary\" \/>\n<meta name=\"twitter:label1\" content=\"Tiempo de lectura\">\n\t<meta name=\"twitter:data1\" content=\"4 minutos\">\n<script type=\"application\/ld+json\" class=\"yoast-schema-graph\">{\"@context\":\"https:\/\/schema.org\",\"@graph\":[{\"@type\":\"WebSite\",\"@id\":\"https:\/\/www.todoasesoria.es\/#website\",\"url\":\"https:\/\/www.todoasesoria.es\/\",\"name\":\"todoasesoria\",\"description\":\"Tu asesoria\",\"potentialAction\":[{\"@type\":\"SearchAction\",\"target\":\"https:\/\/www.todoasesoria.es\/?s={search_term_string}\",\"query-input\":\"required name=search_term_string\"}],\"inLanguage\":\"es\"},{\"@type\":\"WebPage\",\"@id\":\"https:\/\/www.todoasesoria.es\/?page_id=19#webpage\",\"url\":\"https:\/\/www.todoasesoria.es\/?page_id=19\",\"name\":\"Qui\\u00e9nes somos - todoasesoria\",\"isPartOf\":{\"@id\":\"https:\/\/www.todoasesoria.es\/#website\"},\"datePublished\":\"2016-07-29T07:22:10+00:00\",\"dateModified\":\"2019-11-26T11:54:18+00:00\",\"breadcrumb\":{\"@id\":\"https:\/\/www.todoasesoria.es\/?page_id=19#breadcrumb\"},\"inLanguage\":\"es\",\"potentialAction\":[{\"@type\":\"ReadAction\",\"target\":[\"https:\/\/www.todoasesoria.es\/?page_id=19\"]}]},{\"@type\":\"BreadcrumbList\",\"@id\":\"https:\/\/www.todoasesoria.es\/?page_id=19#breadcrumb\",\"itemListElement\":[{\"@type\":\"ListItem\",\"position\":1,\"item\":{\"@type\":\"WebPage\",\"@id\":\"https:\/\/www.todoasesoria.es\/\",\"url\":\"https:\/\/www.todoasesoria.es\/\",\"name\":\"Portada\"}},{\"@type\":\"ListItem\",\"position\":2,\"item\":{\"@type\":\"WebPage\",\"@id\":\"https:\/\/www.todoasesoria.es\/?page_id=19\",\"url\":\"https:\/\/www.todoasesoria.es\/?page_id=19\",\"name\":\"Qui\\u00e9nes somos\"}}]}]}<\/script>\n<!-- \/ Yoast SEO plugin. -->","_links":{"self":[{"href":"https:\/\/www.todoasesoria.es\/index.php?rest_route=\/wp\/v2\/pages\/19"}],"collection":[{"href":"https:\/\/www.todoasesoria.es\/index.php?rest_route=\/wp\/v2\/pages"}],"about":[{"href":"https:\/\/www.todoasesoria.es\/index.php?rest_route=\/wp\/v2\/types\/page"}],"author":[{"embeddable":true,"href":"https:\/\/www.todoasesoria.es\/index.php?rest_route=\/wp\/v2\/users\/1"}],"replies":[{"embeddable":true,"href":"https:\/\/www.todoasesoria.es\/index.php?rest_route=%2Fwp%2Fv2%2Fcomments&post=19"}],"version-history":[{"count":1,"href":"https:\/\/www.todoasesoria.es\/index.php?rest_route=\/wp\/v2\/pages\/19\/revisions"}],"predecessor-version":[{"id":20,"href":"https:\/\/www.todoasesoria.es\/index.php?rest_route=\/wp\/v2\/pages\/19\/revisions\/20"}],"wp:attachment":[{"href":"https:\/\/www.todoasesoria.es\/index.php?rest_route=%2Fwp%2Fv2%2Fmedia&parent=19"}],"curies":[{"name":"wp","href":"https:\/\/api.w.org\/{rel}","templated":true}]}}